
2, 3
Let q = -6 - -10. Suppose -2*o - 18 = -q*o. List the prime factors of 3/o*18/3.
2
Let v be (-1 + (-4)/(-6))*-30. What are the prime factors of (195/(-75))/((-2)/v)?
13
Suppose n = 4*u, 0*u + 2*u + 3*n = -14. Let h be -1 - (-8)/(-4) - 2. Let w = u - h. What are the prime factors of w?
2
Suppose 5*y - 2*y + 18 = 0. Let z be (-4*1)/(3/y). Suppose -j - 3*k + 2 = -z*k, 0 = -5*j + 4*k + 10. What are the prime factors of j?
2
Suppose -4*g = 2 - 14, 5*t + 3*g - 19 = 0. Suppose -t*s + 22 + 42 = 0. List the prime factors of s.
2
Let d = 17 - 8. Suppose -4*l - d = -33. Suppose -61 = -5*p - l. What are the prime factors of p?
11
Let p(o) = -o**3 - 7*o**2 - 7*o + 3. List the prime factors of p(-8).
3, 41
Suppose 7*f - 590 = 2*f. What are the prime factors of f?
2, 59
Suppose -2 = 2*d, d + 21 = 2*a - 0*d. List the prime factors of a.
2, 5
Suppose -36 = -l - 11. Suppose 4*n + l - 81 = 0. What are the prime factors of n?
2, 7
Suppose -2*x - 384 = -4*x. What are the prime factors of x?
2, 3
Let a = 1 + 15. What are the prime factors of a?
2
Suppose 1 = m + 7. What are the prime factors of 45 + 2*9/m?
2, 3, 7
Suppose 5*g = -3*c + 4*c - 44, -g = 0. What are the prime factors of c?
2, 11
Let p(f) = f**3 - 7*f**2 + f - 6. Let j be p(7). What are the prime factors of ((4 + 9)/1)/j?
13
Let r be (-5 - -1)/((-8)/8). Suppose -s + 0*s - 35 = 3*w, r*s = 2*w. Let q(c) = -2*c - 4. What are the prime factors of q(w)?
2
Let h be 2/(-6) + (-22)/6. Let m be (-1*2)/(h/6). Suppose 12 = m*v + v. What are the prime factors of v?
3
Let t(r) = 16*r**2 - r + 5. What are the prime factors of t(-3)?
2, 19
Let c(i) = -i**2 + i + 2. Let b be c(0). Suppose q = -o + 10 + 1, 2*o - b*q = 30. List the prime factors of o.
13
Let u be (4/(-5))/(-2)*10. Suppose 4*b = -0*b - u. List the prime factors of 50/4 - b/2.
13
Let a(d) = 3*d**2 - 3*d + 2. Let l(w) = -16*w**2 + 16*w - 10. Let q(h) = 11*a(h) + 2*l(h). What are the prime factors of q(6)?
2
Suppose -z - 3 = q - 0, z - 3*q = -7. Let x be z - -2 - -1 - -8. What are the prime factors of (-2)/(-7) + 40/x?
2, 3
Let d(s) = -2 + 0 - 4*s + 0*s. Let k be d(-7). Suppose 5*w - k = -i, -i - 2*w + 22 = 2*w. What are the prime factors of i?
2, 3
Let t be ((-76)/2)/(6 + -5). List the prime factors of (-4 - -6)*t/(-4).
19
Let p = 11 + -3. Suppose y = 3*k + p - 26, -5*k - 2*y + 30 = 0. List the prime factors of k.
2, 3
Let w be ((-4)/(-2))/((-4)/(-26)). Let z = w - -9. What are the prime factors of z?
2, 11
Suppose 15 = 4*d - 9. Let v = -8 + d. What are the prime factors of 1*(v*3)/(-2)?
3
Let s be -3*(0 - (-15)/(-9)). Let h = 13 - s. List the prime factors of h.
2
Let d be (11/(-22))/((-1)/4). Suppose -u = -5*m - 12, 2 = 2*u - d*m - 6. List the prime factors of u.
2
Let i(u) = -11*u - 1. Let t be 2 - (1 - (-2 + -1)). What are the prime factors of i(t)?
3, 7
Suppose 9*i - 144 = 7*i + x, -2*i + 4*x = -138. List the prime factors of i.
73
Let n(m) = m**2 - m - 48. List the prime factors of n(14).
2, 67
Let c = -9 - -4. Let b(x) = x**3 + 8*x**2 + 5*x + 6. Let i be b(c). Suppose 2*w - i = -2*w. What are the prime factors of w?
2, 7
Let y = -33 + 74. Suppose -4*f + 2*k + y = -f, 3*k - 62 = -5*f. What are the prime factors of f?
13
Suppose -a + 216 = a. List the prime factors of (a/14)/(6/28).
2, 3
Suppose z = -z. What are the prime factors of 3 - 3 - (z + -45)?
3, 5
Let s = -4 + 12. Suppose -12 - s = -g. List the prime factors of g.
2, 5
Suppose -3*a = -35 + 8. What are the prime factors of a?
3
Suppose 7*d - 80 = 2*d. Suppose -u = u + d. Let c = u - -15. What are the prime factors of c?
7
Let c(j) be the third derivative of 5*j**4/6 - j**3/6 + j**2. List the prime factors of c(1).
19
Let d(s) = -s**3 + 8*s**2 - 4*s + 9. List the prime factors of d(7).
2, 3, 5
Let m be (1/1)/(7/28). Suppose 9*v = m*v - 30. Let r = v - -8. List the prime factors of r.
2
Let n(f) = 3*f**2 - 5*f + 3. Let y(v) = 4*v**2 - 5*v + 4. Let j(c) = -3*n(c) + 2*y(c). Let i be j(5). Let q = 1 - i. List the prime factors of q.
2
Let t be (-75)/3*(1 - 2). Let k = t + 0. List the prime factors of k.
5
Let k(c) = -4*c**3 - 3*c**2 - 3*c - 1. Let o(i) = 7*i**3 + 7*i**2 + 6*i + 3. Let p(n) = 5*k(n) + 3*o(n). What are the prime factors of p(-3)?
2, 11
Let i = 6 + -3. Suppose 2*j - 22 = -2*l + 20, -i = -l. Suppose 73 = 5*h + j. List the prime factors of h.
11
Suppose -3*w - 5 = 10. Let k(z) = z**3 + 7*z**2 + 5*z + 5. What are the prime factors of k(w)?
2, 3, 5
Let s(t) = -5*t**2 - 21*t. Let d(k) = -k**2 - 4*k. Let y(q) = 11*d(q) - 2*s(q). Let z be y(-2). Suppose -5*f + 74 - 14 = z. What are the prime factors of f?
2, 3
Let c(m) = 3*m - 4. Let w be c(3). Suppose w*u - 10 = 2*t, 3*u - 6 = t - 6*t. What are the prime factors of u/(-2*3/(-6))?
2
Suppose 6 = -5*o - 19. Let f = o - -5. Let x = f + 2. What are the prime factors of x?
2
Let v(f) = 7*f + 1. Let j be v(1). Let d = 2 + j. List the prime factors of d.
2, 5
Let j be (20/5)/((-1)/2). Let f = j - -11. List the prime factors of (-351)/18*(-2)/f.
13
Let v(p) = p - 3*p**2 - 3 + 4*p + 2*p**2. Let x be v(5). List the prime factors of 2/(-4)*(-3 + x).
3
Let a(u) = -7 - 3*u - u + 5*u + 3*u. What are the prime factors of a(11)?
37
Suppose 3*t - 2*y - 2 = 1, -3*t - 3 = -4*y. Let v(s) = 5*s + 1. What are the prime factors of v(t)?
2
List the prime factors of 228/(2/(-4) + 2).
2, 19
Let y be (-3)/(-9) + 5/3. Suppose -64 = -3*n - 2*j, -12 + 2 = -y*j. List the prime factors of n.
2, 3
Let o = 47 + -24. What are the prime factors of o?
23
Let n(g) = 9*g - 9*g + 11*g**2 + 3 + g**3 - 12*g. Suppose 0 = -11*z + 7*z - 48. What are the prime factors of n(z)?
3
Let o(b) = 2*b**3 - b**2 + 4*b + 232. What are the prime factors of o(0)?
2, 29
Let q = 62 + -14. What are the prime factors of q?
2, 3
Let h(s) = s + 1. Let v be h(4). Suppose v*r = 4*r + 8. Suppose -2*m = -r - 0. List the prime factors of m.
2
Let d = -95 + 134. Suppose -105 = -3*y - d. List the prime factors of y.
2, 11
Suppose 4*x - 2*m + 28 = 0, 0*x - 5*x - 4*m - 22 = 0. Let c = -4 - x. Suppose c*v + 14 = 4*v. List the prime factors of v.
7
Let f be (-7 + 5)*5/(-2). Let v = f + -2. List the prime factors of v.
3
Let n = 23 + -18. What are the prime factors of n?
5
List the prime factors of 5 + -11 + 4 + 91.
89
Let d be ((-8)/(-1) - 2) + 3. List the prime factors of d/4 + (-5)/20.
2
Let s = 13 + -10. Suppose 0*l = s*x + 3*l - 6, -7 = -2*x - l. List the prime factors of x.
5
Let x = -25 - -40. Let n = 18 - x. What are the prime factors of n?
3
Let p = 2 - 7. Let s = -2 - p. Suppose 0 = 8*n - s*n - 70. List the prime factors of n.
2, 7
Suppose 296 = t + 86. List the prime factors of t.
2, 3, 5, 7
Suppose 0*j + 4 = -2*j. What are the prime factors of (-4)/j + 14/2?
3
Let g(i) = -i**3 + i**2 - 5*i + 14. List the prime factors of g(-6).
2, 37
Let x be 11/((-3 + 2)/(-1)). Suppose c + g + 11 = 6*c, -3*c - 7 = -4*g. Let h = x + c. What are the prime factors of h?
2, 7
Suppose i - 3*i + 32 = 0. Suppose -4*m + y = -57, 14 + i = m + 5*y. What are the prime factors of (9/3 - 5) + m?
13
Let k be (1/(-1))/(1/(-7)). Suppose -d - 2*b - k - 4 = 0, 0 = d + 3*b + 16. Let q = d - -4. What are the prime factors of q?
3
Let t be 14/(-4)*(-36)/21. Suppose -180 = o - t*o. What are the prime factors of o?
2, 3
Suppose -3*k + 5*g + 483 = 0, 0 = 5*k + 6*g - 2*g - 768. List the prime factors of k.
2, 3, 13
Suppose 4*n - 9 + 5 = 0. Let i = n + -2. What are the prime factors of (-27)/(-3) - 2*i?
11
Suppose -5*o + 1176 = 4*c - 3*o, 0 = -3*c + 3*o + 900. List the prime factors of c.
2, 37
Suppose 3*s = -s + d - 48, -3*d = 3*s + 36. List the prime factors of ((-6)/s)/((-1)/(-74)).
37
Let w(p) = -7*p + 4. Let s be w(5). Let c = s - -43. List the prime factors of c.
2, 3
Let d(r) = 2*r - 10. Let q be d(7). Suppose 12 - q = 2*f. What are the prime factors of f?
2
Let m(n) = -n**3 + 2*n**2 + n. Let v be m(2). Suppose v*l - 2*u = 18, -2*u - 46 = -3*l - l. What are the prime factors of l?
2, 7
Let s(c) = -4*c + 3. Let y be s(-6). Suppose 32 = 4*j + 4*x, -3*j + 3*x - 9 = -y. What are the prime factors of j?
7
Suppose b - 531 = -2*n, -6*b + 784 = 3*n - 2*b. List the prime factors of n.
2, 67
Suppose 0 = 3*c + 11 - 5. Let n be -1 + 1*(-4)/c. Let z = n + 9. List the prime factors of z.
2, 5
Let h = 4 - 0. Suppose 7*p - h*p - 54 = 0. List the 